{"id":3144,"date":"2023-05-10T17:29:33","date_gmt":"2023-05-10T22:29:33","guid":{"rendered":"https:\/\/www.ducaticolombia.co\/tienda\/?post_type=product&#038;p=3144"},"modified":"2025-11-11T11:51:12","modified_gmt":"2025-11-11T16:51:12","slug":"intercomunicador-nolan-b-902x-xlite-ducati","status":"publish","type":"product","link":"https:\/\/www.ducaticolombia.co\/tienda\/producto\/intercomunicador-nolan-b-902x-xlite-ducati\/","title":{"rendered":"Intercomunicador Nolan B-902X  | Xlite |  Ducati"},"content":{"rendered":"<p>[vc_row][vc_column][vc_tta_tour active_section=&#8221;1&#8243; el_class=&#8221;tabs-producto-contenedor&#8221;][vc_tta_section title=&#8221;Detalle del Producto&#8221; tab_id=&#8221;detalle-producto&#8221;][vc_column_text]<\/p>\n<div class=\"MuiGrid-root jss11999 MuiGrid-item MuiGrid-grid-xs-12\">\n<div class=\"jss11996\">El sistema permite gestionar el tel\u00e9fono y sus funciones de respuesta, conclusi\u00f3n de la comunicaci\u00f3n y repetici\u00f3n del \u00faltimo n\u00famero con Bluetooth, mediante mandos vocales y pase autom\u00e1tico entre intercomunicador y tel\u00e9fono. Adem\u00e1s de la funci\u00f3n VOX, que permite la activaci\u00f3n y la desactivaci\u00f3n vocal del intercomunicador, el sistema ofrece tambi\u00e9n la exclusi\u00f3n autom\u00e1tica de la comunicaci\u00f3n y de la fuente audio conectada durante una conversaci\u00f3n telef\u00f3nica, con reconexi\u00f3n autom\u00e1tica al finalizar. Pr\u00e1ctica gesti\u00f3n de un doble dispositivo, para utilizar con tel\u00e9fonos, GPS y lectores Mp3 A2DP, con acceso a las relativas funciones directamente desde el casco. La radio FM integrada y el cable mini USB para la gesti\u00f3n desde ordenador completan la sofisticada dotaci\u00f3n . Una concentraci\u00f3n de confort y practicidad, para que cada viaje sea una experiencia inolvidable.<\/div>\n<\/div>\n<p>[\/vc_column_text][\/vc_tta_section][\/vc_tta_tour][\/vc_column][\/vc_row]<\/p>\n","protected":false},"excerpt":{"rendered":"<p>Exclusivo y avanzado sistema de intercomunicador para integrar en el casco Ducati Horizon, estudiado para quien no renuncia al m\u00e1ximo confort durante el viaje. Intercomunicador piloto-pasajero y moto-moto con Bluetooth, dotado de funci\u00f3n Smart Conference para las comunicaciones de grupo, Music Sharing para compartir la m\u00fasica con un segundo casco y llamada entre 3<\/p>\n","protected":false},"featured_media":3146,"comment_status":"closed","ping_status":"closed","template":"","meta":[],"product_cat":[19],"product_tag":[],"class_list":["post-3144","product","type-product","status-publish","has-post-thumbnail","hentry","product_cat-accesorios"],"_links":{"self":[{"href":"https:\/\/www.ducaticolombia.co\/tienda\/wp-json\/wp\/v2\/product\/3144","targetHints":{"allow":["GET"]}}],"collection":[{"href":"https:\/\/www.ducaticolombia.co\/tienda\/wp-json\/wp\/v2\/product"}],"about":[{"href":"https:\/\/www.ducaticolombia.co\/tienda\/wp-json\/wp\/v2\/types\/product"}],"replies":[{"embeddable":true,"href":"https:\/\/www.ducaticolombia.co\/tienda\/wp-json\/wp\/v2\/comments?post=3144"}],"wp:featuredmedia":[{"embeddable":true,"href":"https:\/\/www.ducaticolombia.co\/tienda\/wp-json\/wp\/v2\/media\/3146"}],"wp:attachment":[{"href":"https:\/\/www.ducaticolombia.co\/tienda\/wp-json\/wp\/v2\/media?parent=3144"}],"wp:term":[{"taxonomy":"product_cat","embeddable":true,"href":"https:\/\/www.ducaticolombia.co\/tienda\/wp-json\/wp\/v2\/product_cat?post=3144"},{"taxonomy":"product_tag","embeddable":true,"href":"https:\/\/www.ducaticolombia.co\/tienda\/wp-json\/wp\/v2\/product_tag?post=3144"}],"curies":[{"name":"wp","href":"https:\/\/api.w.org\/{rel}","templated":true}]}}