{"id":6370,"date":"2025-02-10T09:48:27","date_gmt":"2025-02-10T14:48:27","guid":{"rendered":"https:\/\/www.ducaticolombia.co\/tienda\/?post_type=product&#038;p=6370"},"modified":"2025-12-06T00:00:56","modified_gmt":"2025-12-06T05:00:56","slug":"chaqueta-con-protecciones-strada-c5-mujer-ducati-original","status":"publish","type":"product","link":"https:\/\/www.ducaticolombia.co\/tienda\/producto\/chaqueta-con-protecciones-strada-c5-mujer-ducati-original\/","title":{"rendered":"Chaqueta Con Protecciones Strada C5 | Mujer | Ducati | Original"},"content":{"rendered":"<div>\n<div>\n<div>\n<div class=\"jss16663 jss16658\">\n<div class=\"MuiGrid-root MuiGrid-container MuiGrid-spacing-xs-1\">\n<div class=\"MuiGrid-root jss16633 MuiGrid-item MuiGrid-grid-xs-12\">\n<div class=\"jss16630\"><strong>Exterior:<\/strong><\/div>\n<div class=\"jss16631\">Tejido Mugello<\/div>\n<div class=\"jss16631\">Tejido de refuerzo en los hombros y codos<\/div>\n<\/div>\n<div class=\"MuiGrid-root jss16633 MuiGrid-item MuiGrid-grid-xs-12\">\n<div class=\"jss16630\"><strong>Interior:<\/strong><\/div>\n<div class=\"jss16631\">GORE-TEX\u00ae extra\u00edble<\/div>\n<div class=\"jss16631\">Plum\u00edfero t\u00e9rmico Primaloft Active Silver 100 g con cremallera de enganche chaqueta-pantal\u00f3n<\/div>\n<div class=\"jss16631\">Forro fijo de Nanofeel\u00ae<\/div>\n<\/div>\n<div class=\"MuiGrid-root jss16633 MuiGrid-item MuiGrid-grid-xs-12\">\n<div class=\"jss16630\"><strong>Plus:<\/strong><\/div>\n<div class=\"jss16631\">Cremallera de uni\u00f3n chaqueta a pantalones<\/div>\n<div class=\"jss16631\">1 bolsillo interno Napoleone, 1 dentro del forro fijo<\/div>\n<div class=\"jss16631\">3 bolsillos con cierre rel\u00e1mpago en el plum\u00edfero interior, 2 externos y uno interno<\/div>\n<div class=\"jss16631\">Impresiones reflex<\/div>\n<div class=\"jss16631\">Bolsillo en la espalda<\/div>\n<div class=\"jss16631\">2 bolsillos exteriores impermeables<\/div>\n<\/div>\n<div class=\"MuiGrid-root jss16633 MuiGrid-item MuiGrid-grid-xs-12\">\n<div class=\"jss16630\"><strong>S\u00edmbolos de lavado:<\/strong><\/div>\n<div class=\"jss16631\"><img decoding=\"async\" class=\"jss16632\" title=\"Lavado a mano a 30\u00b0\" src=\"https:\/\/e-catalog.ducati.com\/EPCResources\/GRAPHICS\/immagini_pim\/2D\/2DF56B28E4E7BD237B24FC3D79310564.anag.th.png\" alt=\"Lavado a mano a 30\u00b0\" \/><img decoding=\"async\" class=\"jss16632\" title=\"No blanquear con cloro\" src=\"https:\/\/e-catalog.ducati.com\/EPCResources\/GRAPHICS\/immagini_pim\/D2\/D2C7FC22C012E518F5F2DBA764237D5C.anag.th.png\" alt=\"No blanquear con cloro\" \/><img decoding=\"async\" class=\"jss16632\" title=\"No planchar\" src=\"https:\/\/e-catalog.ducati.com\/EPCResources\/GRAPHICS\/immagini_pim\/A9\/A94C88F492B075D8FE914F44E8728AFE.anag.th.png\" alt=\"No planchar\" \/><img decoding=\"async\" class=\"jss16632\" title=\"No lavar a seco, no desmanchar con solventes\" src=\"https:\/\/e-catalog.ducati.com\/EPCResources\/GRAPHICS\/immagini_pim\/02\/0221B9AD83091F0BB09B2439306B6572.anag.th.png\" alt=\"No lavar a seco, no desmanchar con solventes\" \/><img decoding=\"async\" class=\"jss16632\" title=\"No secar en secarropas con tambor rotativo\" src=\"https:\/\/e-catalog.ducati.com\/EPCResources\/GRAPHICS\/immagini_pim\/E8\/E8636C561611E7F2141BC40ACB2976DA.anag.th.png\" alt=\"No secar en secarropas con tambor rotativo\" \/><\/div>\n<\/div>\n<div class=\"MuiGrid-root jss16633 MuiGrid-item MuiGrid-grid-xs-12\">\n<div class=\"jss16630\"><strong>Confort:<\/strong><\/div>\n<div class=\"jss16631\">100% impermeable<\/div>\n<div class=\"jss16631\">Cierre brazos, cuello y costados regulable<\/div>\n<div class=\"jss16631\">Cierre del cuello con bot\u00f3n y tira de ajuste con velcro<\/div>\n<div class=\"jss16631\">Aplicaciones el\u00e1sticas<\/div>\n<div class=\"jss16631\">8 tomas de aire: 2 tomas de aire laterales delanteras, 2 en los hombros, 2 en las mangas y 2 traseras<\/div>\n<\/div>\n<div class=\"MuiGrid-root jss16633 MuiGrid-item MuiGrid-grid-xs-12\">\n<div class=\"jss16630\"><strong>Linea prodotto:<\/strong><\/div>\n<div class=\"jss16631\">Ducati<\/div>\n<\/div>\n<div class=\"MuiGrid-root jss16633 MuiGrid-item MuiGrid-grid-xs-12\">\n<div class=\"jss16630\"><strong>Material:<\/strong><\/div>\n<div class=\"jss16631\">Goretex<\/div>\n<div class=\"jss16631\">Tela<\/div>\n<\/div>\n<\/div>\n<\/div>\n<\/div>\n<\/div>\n<\/div>\n<div>\n<div class=\"jss16737\">\n<div class=\"jss16724 element\"><\/div>\n<\/div>\n<\/div>\n","protected":false},"excerpt":{"rendered":"<div>\n<div class=\"jss1215\">\n<div>\n<div>\n<div>\n<div class=\"jss16618\">La chaqueta Strada C5 certificada CE es perfecta para largos recorridos en cualquier clima. Es resistente, impermeable, abrigada o ventilada gracias a las soluciones modulables y a los materiales de altas prestaciones que la componen: membrana Gore-Tex\u00ae extra\u00edble, tejido externo Mugello resistente, ligeramente el\u00e1stico y de r\u00e1pido secado, interior t\u00e9rmico de plum\u00edfero Primaloft Active Silver para usar tambi\u00e9n de forma separada al bajar de la moto, protecciones ergon\u00f3micas en los hombros y codos y predisposici\u00f3n para la introducci\u00f3n del protector de espalda. Producida por Dainese y dise\u00f1ada por Drudi Performance, esta chaqueta, que se une mediante cremallera a los pantalones Strada C5, est\u00e1 disponible en versi\u00f3n masculina y femenina.<\/div>\n<\/div>\n<\/div>\n<\/div>\n<div>\n<div class=\"jss16737\">\n<div class=\"jss16724 element\"><\/div>\n<\/div>\n<\/div>\n<\/div>\n<\/div>\n<div>\n<div class=\"jss1334\">\n<div class=\"jss1321 element\"><\/div>\n<\/div>\n<\/div>\n","protected":false},"featured_media":6372,"comment_status":"closed","ping_status":"closed","template":"","meta":[],"product_cat":[24,17],"product_tag":[],"class_list":["post-6370","product","type-product","status-publish","has-post-thumbnail","hentry","product_cat-chaquetas-con-proteccion","product_cat-ropa-de-moto","pa_talla-numerica-106"],"_links":{"self":[{"href":"https:\/\/www.ducaticolombia.co\/tienda\/wp-json\/wp\/v2\/product\/6370","targetHints":{"allow":["GET"]}}],"collection":[{"href":"https:\/\/www.ducaticolombia.co\/tienda\/wp-json\/wp\/v2\/product"}],"about":[{"href":"https:\/\/www.ducaticolombia.co\/tienda\/wp-json\/wp\/v2\/types\/product"}],"replies":[{"embeddable":true,"href":"https:\/\/www.ducaticolombia.co\/tienda\/wp-json\/wp\/v2\/comments?post=6370"}],"wp:featuredmedia":[{"embeddable":true,"href":"https:\/\/www.ducaticolombia.co\/tienda\/wp-json\/wp\/v2\/media\/6372"}],"wp:attachment":[{"href":"https:\/\/www.ducaticolombia.co\/tienda\/wp-json\/wp\/v2\/media?parent=6370"}],"wp:term":[{"taxonomy":"product_cat","embeddable":true,"href":"https:\/\/www.ducaticolombia.co\/tienda\/wp-json\/wp\/v2\/product_cat?post=6370"},{"taxonomy":"product_tag","embeddable":true,"href":"https:\/\/www.ducaticolombia.co\/tienda\/wp-json\/wp\/v2\/product_tag?post=6370"}],"curies":[{"name":"wp","href":"https:\/\/api.w.org\/{rel}","templated":true}]}}