{"id":6705,"date":"2025-08-12T11:53:00","date_gmt":"2025-08-12T16:53:00","guid":{"rendered":"https:\/\/www.ducaticolombia.co\/tienda\/?post_type=product&#038;p=6705"},"modified":"2025-12-22T10:40:44","modified_gmt":"2025-12-22T15:40:44","slug":"guantes-overland-c-3-ducati-original","status":"publish","type":"product","link":"https:\/\/www.ducaticolombia.co\/tienda\/producto\/guantes-overland-c-3-ducati-original\/","title":{"rendered":"Guantes Overland C-3 | Ducati | Original"},"content":{"rendered":"<div class=\"MuiGrid-root jss8422 MuiGrid-item MuiGrid-grid-xs-12\">\n<div class=\"jss8419\"><strong>Exterior:<\/strong><\/div>\n<div class=\"jss8420\">Microfibra s\u00edmil piel de alta resistencia (espesor 0,9 mm, resistencia a la abrasi\u00f3n 1.100 ciclos Martindale)<\/div>\n<div class=\"jss8420\">Tejido el\u00e1stico que garantiza confort y aireaci\u00f3n<\/div>\n<\/div>\n<div class=\"MuiGrid-root jss8422 MuiGrid-item MuiGrid-grid-xs-12\">\n<div class=\"jss8419\"><strong>Interior:<\/strong><\/div>\n<div class=\"jss8420\">Jersey de Poliester interior para disipaci\u00f3n de transpiraci\u00f3n<\/div>\n<\/div>\n<div class=\"MuiGrid-root jss8422 MuiGrid-item MuiGrid-grid-xs-12\">\n<div class=\"jss8419\"><strong>Plus:<\/strong><\/div>\n<div class=\"jss8420\">Cinto anti-deslizamiento en el pu\u00f1o<\/div>\n<\/div>\n<div class=\"MuiGrid-root jss8422 MuiGrid-item MuiGrid-grid-xs-12\">\n<div class=\"jss8419\"><strong>S\u00edmbolos de lavado:<\/strong><\/div>\n<div class=\"jss8420\"><img decoding=\"async\" class=\"jss8421\" title=\"Lavado a mano a 30\u00b0\" src=\"https:\/\/e-catalog.ducati.com\/EPCResources\/GRAPHICS\/immagini_pim\/2D\/2DF56B28E4E7BD237B24FC3D79310564.anag.th.png\" alt=\"Lavado a mano a 30\u00b0\" \/><img decoding=\"async\" class=\"jss8421\" title=\"No blanquear con cloro\" src=\"https:\/\/e-catalog.ducati.com\/EPCResources\/GRAPHICS\/immagini_pim\/D2\/D2C7FC22C012E518F5F2DBA764237D5C.anag.th.png\" alt=\"No blanquear con cloro\" \/><img decoding=\"async\" class=\"jss8421\" title=\"No planchar\" src=\"https:\/\/e-catalog.ducati.com\/EPCResources\/GRAPHICS\/immagini_pim\/A9\/A94C88F492B075D8FE914F44E8728AFE.anag.th.png\" alt=\"No planchar\" \/><img decoding=\"async\" class=\"jss8421\" title=\"No lavar a seco, no desmanchar con solventes\" src=\"https:\/\/e-catalog.ducati.com\/EPCResources\/GRAPHICS\/immagini_pim\/02\/0221B9AD83091F0BB09B2439306B6572.anag.th.png\" alt=\"No lavar a seco, no desmanchar con solventes\" \/><img decoding=\"async\" class=\"jss8421\" title=\"No secar en secarropas con tambor rotativo\" src=\"https:\/\/e-catalog.ducati.com\/EPCResources\/GRAPHICS\/immagini_pim\/E8\/E8636C561611E7F2141BC40ACB2976DA.anag.th.png\" alt=\"No secar en secarropas con tambor rotativo\" \/><\/div>\n<\/div>\n<div class=\"MuiGrid-root jss8422 MuiGrid-item MuiGrid-grid-xs-12\">\n<div class=\"jss8419\"><strong>Linea prodotto:<\/strong><\/div>\n<div class=\"jss8420\">Scrambler<\/div>\n<\/div>\n<div class=\"MuiGrid-root jss8422 MuiGrid-item MuiGrid-grid-xs-12\">\n<div class=\"jss8419\"><strong>Material:<\/strong><\/div>\n<div class=\"jss8420\">Microfibra<\/div>\n<div class=\"jss8420\">Tela<\/div>\n<div><strong>Protecci\u00f3n:\u00a0<\/strong><\/div>\n<div>\n<div><img decoding=\"async\" src=\"https:\/\/e-catalog.ducati.com\/EPCResources\/GRAPHICS\/immagini_pim\/94\/945AE41C5E5969EA5D250BE983635B84.png\" alt=\"Protecci\u00f3n de nudillos de PU\" \/> Protecci\u00f3n de nudillos de PU<\/div>\n<\/div>\n<\/div>\n","protected":false},"excerpt":{"rendered":"<div>\n<div class=\"jss1215\">\n<div class=\"jss16618\">\n<div class=\"jss6901\">Los guantes Overland C-3, realizados de tejido el\u00e1stico y microfibra, tienen protecciones termoformadas de poliuretano en los nudillos y cierre regulable con Velcro\u2122. Disponibles en la versi\u00f3n negro\/gris, tienen personalizaciones de silicona Scrambler Ducati en el dorso. El estilo distintivo e informal, la atenci\u00f3n a los detalles y la certificaci\u00f3n CE seg\u00fan las normativas europeas m\u00e1s recientes dan a los guantes Overland C-3 la caracter\u00edstica de accesorio imprescindible.<\/div>\n<\/div>\n<\/div>\n<\/div>\n<div>\n<div class=\"jss1334\">\n<div class=\"jss1321 element\">\n<div>\n<div class=\"jss1074\">\n<div class=\"jss1061 element\"><\/div>\n<\/div>\n<\/div>\n<\/div>\n<\/div>\n<\/div>\n","protected":false},"featured_media":6707,"comment_status":"closed","ping_status":"closed","template":"","meta":[],"product_cat":[28,17],"product_tag":[],"class_list":["post-6705","product","type-product","status-publish","has-post-thumbnail","hentry","product_cat-guantes","product_cat-ropa-de-moto","pa_talla-numerica-s","pa_talla-numerica-m","pa_talla-numerica-l","pa_talla-numerica-xl"],"_links":{"self":[{"href":"https:\/\/www.ducaticolombia.co\/tienda\/wp-json\/wp\/v2\/product\/6705","targetHints":{"allow":["GET"]}}],"collection":[{"href":"https:\/\/www.ducaticolombia.co\/tienda\/wp-json\/wp\/v2\/product"}],"about":[{"href":"https:\/\/www.ducaticolombia.co\/tienda\/wp-json\/wp\/v2\/types\/product"}],"replies":[{"embeddable":true,"href":"https:\/\/www.ducaticolombia.co\/tienda\/wp-json\/wp\/v2\/comments?post=6705"}],"wp:featuredmedia":[{"embeddable":true,"href":"https:\/\/www.ducaticolombia.co\/tienda\/wp-json\/wp\/v2\/media\/6707"}],"wp:attachment":[{"href":"https:\/\/www.ducaticolombia.co\/tienda\/wp-json\/wp\/v2\/media?parent=6705"}],"wp:term":[{"taxonomy":"product_cat","embeddable":true,"href":"https:\/\/www.ducaticolombia.co\/tienda\/wp-json\/wp\/v2\/product_cat?post=6705"},{"taxonomy":"product_tag","embeddable":true,"href":"https:\/\/www.ducaticolombia.co\/tienda\/wp-json\/wp\/v2\/product_tag?post=6705"}],"curies":[{"name":"wp","href":"https:\/\/api.w.org\/{rel}","templated":true}]}}