{"id":6710,"date":"2025-08-12T12:42:50","date_gmt":"2025-08-12T17:42:50","guid":{"rendered":"https:\/\/www.ducaticolombia.co\/tienda\/?post_type=product&#038;p=6710"},"modified":"2026-04-21T13:48:16","modified_gmt":"2026-04-21T18:48:16","slug":"guantes-city-c3-ducati-original","status":"publish","type":"product","link":"https:\/\/www.ducaticolombia.co\/tienda\/producto\/guantes-city-c3-ducati-original\/","title":{"rendered":"Guantes City C3 | Ducati | Original"},"content":{"rendered":"<div>\n<div>\n<div>\n<div class=\"jss9780 jss9775\">\n<div class=\"MuiGrid-root MuiGrid-container MuiGrid-spacing-xs-1\">\n<div class=\"MuiGrid-root jss9750 MuiGrid-item MuiGrid-grid-xs-12\">\n<div class=\"jss9747\"><strong>Exterior:<\/strong><\/div>\n<div class=\"jss9748\">3D mesh de poliamida, Spandex y Flextenax (poliamida elastizada de alta resistencia)<\/div>\n<div class=\"jss9748\">Piel ovocaprina (espesor 0,7 mm)<\/div>\n<\/div>\n<div class=\"MuiGrid-root jss9750 MuiGrid-item MuiGrid-grid-xs-12\">\n<div class=\"jss9747\"><strong>Interior:<\/strong><\/div>\n<div class=\"jss9748\">Forro 100% poli\u00e9ster<\/div>\n<\/div>\n<div class=\"MuiGrid-root jss9750 MuiGrid-item MuiGrid-grid-xs-12\">\n<div class=\"jss9747\"><strong>Plus:<\/strong><\/div>\n<div class=\"jss9748\">Cinto anti-deslizamiento en el pu\u00f1o<\/div>\n<div class=\"jss9748\">Pantalla t\u00e1ctil en la yema del \u00edndice<\/div>\n<div class=\"jss9748\">Cobertura correa anti-p\u00e9rdida<\/div>\n<\/div>\n<div class=\"MuiGrid-root jss9750 MuiGrid-item MuiGrid-grid-xs-12\">\n<div class=\"jss9747\"><strong>S\u00edmbolos de lavado:<\/strong><\/div>\n<div class=\"jss9748\"><img decoding=\"async\" class=\"jss9749\" title=\"No lavar en agua\" src=\"https:\/\/e-catalog.ducati.com\/EPCResources\/GRAPHICS\/immagini_pim\/30\/30F84FF180F57BDEEBAB8DC41662798F.anag.th.png\" alt=\"No lavar en agua\" \/><img decoding=\"async\" class=\"jss9749\" title=\"No blanquear con cloro\" src=\"https:\/\/e-catalog.ducati.com\/EPCResources\/GRAPHICS\/immagini_pim\/D2\/D2C7FC22C012E518F5F2DBA764237D5C.anag.th.png\" alt=\"No blanquear con cloro\" \/><img decoding=\"async\" class=\"jss9749\" title=\"No planchar\" src=\"https:\/\/e-catalog.ducati.com\/EPCResources\/GRAPHICS\/immagini_pim\/A9\/A94C88F492B075D8FE914F44E8728AFE.anag.th.png\" alt=\"No planchar\" \/><img decoding=\"async\" class=\"jss9749\" title=\"No lavar a seco, no desmanchar con solventes\" src=\"https:\/\/e-catalog.ducati.com\/EPCResources\/GRAPHICS\/immagini_pim\/02\/0221B9AD83091F0BB09B2439306B6572.anag.th.png\" alt=\"No lavar a seco, no desmanchar con solventes\" \/><img decoding=\"async\" class=\"jss9749\" title=\"No secar en secarropas con tambor rotativo\" src=\"https:\/\/e-catalog.ducati.com\/EPCResources\/GRAPHICS\/immagini_pim\/E8\/E8636C561611E7F2141BC40ACB2976DA.anag.th.png\" alt=\"No secar en secarropas con tambor rotativo\" \/><img decoding=\"async\" class=\"jss9749\" title=\"MUY IMPORTANTE PARA TODAS PRENDAS T\u00c9CNICAS DE PIEL: limpiar con espec\u00edfico kit para el cuidado de la piel o con una esponja o pa\u00f1o h\u00famedo y un poco de jab\u00f3n neutro. Pasar con suavidad y secar con un pa\u00f1o limpio. No secar la prenda al sol o cerca de fuentes de calor. no conservar la prenda dentro de fundas de celof\u00e1n\" src=\"https:\/\/e-catalog.ducati.com\/EPCResources\/GRAPHICS\/immagini_pim\/F0\/F017279787CB4BF56FA23AC7D0EA5F7D.anag.th.png\" alt=\"MUY IMPORTANTE PARA TODAS PRENDAS T\u00c9CNICAS DE PIEL: limpiar con espec\u00edfico kit para el cuidado de la piel o con una esponja o pa\u00f1o h\u00famedo y un poco de jab\u00f3n neutro. Pasar con suavidad y secar con un pa\u00f1o limpio. No secar la prenda al sol o cerca de fuentes de calor. no conservar la prenda dentro de fundas de celof\u00e1n\" \/><\/div>\n<\/div>\n<div class=\"MuiGrid-root jss9750 MuiGrid-item MuiGrid-grid-xs-12\">\n<div class=\"jss9747\"><strong>Confort:<\/strong><\/div>\n<div class=\"jss9748\">100% ventilado<\/div>\n<div class=\"jss9748\">Paneles el\u00e1sticos<\/div>\n<\/div>\n<div class=\"MuiGrid-root jss9750 MuiGrid-item MuiGrid-grid-xs-12\">\n<div class=\"jss9747\"><strong>Linea prodotto:<\/strong><\/div>\n<div class=\"jss9748\">Ducati<\/div>\n<\/div>\n<\/div>\n<\/div>\n<\/div>\n<\/div>\n<\/div>\n<div>\n<div class=\"jss9854\">\n<div class=\"jss9841 element\">\n<div class=\"jss9784\">\n<div><img decoding=\"async\" src=\"https:\/\/e-catalog.ducati.com\/EPCResources\/GRAPHICS\/immagini_pim\/C5\/C5ECE93474D4B80AE00CEEA015015291.png\" alt=\"Protecciones nudillos de carbono\" \/> Protecciones nudillos de carbono<\/div>\n<\/div>\n<div class=\"jss9784\">\n<div><img decoding=\"async\" src=\"https:\/\/e-catalog.ducati.com\/EPCResources\/GRAPHICS\/immagini_pim\/FD\/FD16F2BDC13835A297914692CF27287B.png\" alt=\"Refuerzos de piel y microfibra en los dedos, lateral de la mano y palma\" \/> Refuerzos de piel y microfibra en los dedos, lateral de la mano y palma<\/div>\n<\/div>\n<\/div>\n<\/div>\n<\/div>\n","protected":false},"excerpt":{"rendered":"<div>\n<div class=\"jss1215\">\n<div class=\"jss16618\">\n<div class=\"jss6901\"><\/div>\n<\/div>\n<\/div>\n<\/div>\n<div>\n<div class=\"jss1334\">\n<div class=\"jss1321 element\">\n<div>\n<div class=\"jss1074\">\n<div class=\"jss1061 element\">\n<div>\n<div>\n<div>\n<div class=\"jss9735\">M\u00e1ximo confort incluso durante los meses de calor, gracias a estos guantes ergon\u00f3micos, certificados CE, 100% ventilados y realizados con una mezcla de tejidos el\u00e1sticos, piel de oveja y cabra, microfibra y red 3D, para garantizar una \u00f3ptima vestibilidad. Comodidad que no afecta a la seguridad, con las protecciones de nudillos de carbono, los refuerzos de piel y microfibra en dedos, lateral de la mano y palma. Los paneles el\u00e1sticos y la correa anti-p\u00e9rdida en la mu\u00f1eca, con cobertura espec\u00edfica, garantizan un ajuste excelente. Practicidad m\u00e1xima, gracias al material touchscreen aplicado en la yema del \u00edndice, para una r\u00e1pida gesti\u00f3n de los dispositivos m\u00f3viles. El estilo claramente urban es acentuado a\u00fan m\u00e1s por el dise\u00f1o moderno y el color discreto, completado por el logotipo Ducati y los toques rojos.<\/div>\n<\/div>\n<\/div>\n<\/div>\n<div>\n<div class=\"jss9854\">\n<div class=\"jss9841 element\"><\/div>\n<\/div>\n<\/div>\n<\/div>\n<\/div>\n<\/div>\n<\/div>\n<\/div>\n<\/div>\n","protected":false},"featured_media":6715,"comment_status":"closed","ping_status":"closed","template":"","meta":[],"product_cat":[28,17],"product_tag":[],"class_list":["post-6710","product","type-product","status-publish","has-post-thumbnail","hentry","product_cat-guantes","product_cat-ropa-de-moto","pa_talla-numerica-s","pa_talla-numerica-m","pa_talla-numerica-l","pa_talla-numerica-xl"],"_links":{"self":[{"href":"https:\/\/www.ducaticolombia.co\/tienda\/wp-json\/wp\/v2\/product\/6710","targetHints":{"allow":["GET"]}}],"collection":[{"href":"https:\/\/www.ducaticolombia.co\/tienda\/wp-json\/wp\/v2\/product"}],"about":[{"href":"https:\/\/www.ducaticolombia.co\/tienda\/wp-json\/wp\/v2\/types\/product"}],"replies":[{"embeddable":true,"href":"https:\/\/www.ducaticolombia.co\/tienda\/wp-json\/wp\/v2\/comments?post=6710"}],"wp:featuredmedia":[{"embeddable":true,"href":"https:\/\/www.ducaticolombia.co\/tienda\/wp-json\/wp\/v2\/media\/6715"}],"wp:attachment":[{"href":"https:\/\/www.ducaticolombia.co\/tienda\/wp-json\/wp\/v2\/media?parent=6710"}],"wp:term":[{"taxonomy":"product_cat","embeddable":true,"href":"https:\/\/www.ducaticolombia.co\/tienda\/wp-json\/wp\/v2\/product_cat?post=6710"},{"taxonomy":"product_tag","embeddable":true,"href":"https:\/\/www.ducaticolombia.co\/tienda\/wp-json\/wp\/v2\/product_tag?post=6710"}],"curies":[{"name":"wp","href":"https:\/\/api.w.org\/{rel}","templated":true}]}}