{"id":6717,"date":"2025-08-12T20:17:44","date_gmt":"2025-08-13T01:17:44","guid":{"rendered":"https:\/\/www.ducaticolombia.co\/tienda\/?post_type=product&#038;p=6717"},"modified":"2026-04-29T15:58:40","modified_gmt":"2026-04-29T20:58:40","slug":"guantes-summer-c3-ducati-original","status":"publish","type":"product","link":"https:\/\/www.ducaticolombia.co\/tienda\/producto\/guantes-summer-c3-ducati-original\/","title":{"rendered":"Guantes Summer C3 | Ducati | Original"},"content":{"rendered":"<div>\n<div>\n<div>\n<div class=\"jss10884 jss10879\">\n<div class=\"MuiGrid-root MuiGrid-container MuiGrid-spacing-xs-1\">\n<div class=\"MuiGrid-root jss10854 MuiGrid-item MuiGrid-grid-xs-12\">\n<div class=\"jss10851\">Exterior:<\/div>\n<div class=\"jss10852\">Combinaci\u00f3n de tejidos el\u00e1sticos, microfibra y red 3D para brindar vestibilidad y ventilaci\u00f3n<\/div>\n<\/div>\n<div class=\"MuiGrid-root jss10854 MuiGrid-item MuiGrid-grid-xs-12\">\n<div class=\"jss10851\"><strong>Interior:<\/strong><\/div>\n<div class=\"jss10852\">Forro 100% poli\u00e9ster<\/div>\n<\/div>\n<div class=\"MuiGrid-root jss10854 MuiGrid-item MuiGrid-grid-xs-12\">\n<div class=\"jss10851\"><strong>Plus:<\/strong><\/div>\n<div class=\"jss10852\">Cierre regulable con Velcro\u00ae en la mu\u00f1eca<\/div>\n<div class=\"jss10852\">Pantalla t\u00e1ctil en la yema del \u00edndice<\/div>\n<\/div>\n<div class=\"MuiGrid-root jss10854 MuiGrid-item MuiGrid-grid-xs-12\">\n<div class=\"jss10851\"><strong>S\u00edmbolos de lavado:<\/strong><\/div>\n<div class=\"jss10852\"><img decoding=\"async\" class=\"jss10853\" title=\"No lavar en agua\" src=\"https:\/\/e-catalog.ducati.com\/EPCResources\/GRAPHICS\/immagini_pim\/30\/30F84FF180F57BDEEBAB8DC41662798F.anag.th.png\" alt=\"No lavar en agua\" \/><img decoding=\"async\" class=\"jss10853\" title=\"No blanquear con cloro\" src=\"https:\/\/e-catalog.ducati.com\/EPCResources\/GRAPHICS\/immagini_pim\/D2\/D2C7FC22C012E518F5F2DBA764237D5C.anag.th.png\" alt=\"No blanquear con cloro\" \/><img decoding=\"async\" class=\"jss10853\" title=\"No planchar\" src=\"https:\/\/e-catalog.ducati.com\/EPCResources\/GRAPHICS\/immagini_pim\/A9\/A94C88F492B075D8FE914F44E8728AFE.anag.th.png\" alt=\"No planchar\" \/><img decoding=\"async\" class=\"jss10853\" title=\"No lavar a seco, no desmanchar con solventes\" src=\"https:\/\/e-catalog.ducati.com\/EPCResources\/GRAPHICS\/immagini_pim\/02\/0221B9AD83091F0BB09B2439306B6572.anag.th.png\" alt=\"No lavar a seco, no desmanchar con solventes\" \/><img decoding=\"async\" class=\"jss10853\" title=\"No secar en secarropas con tambor rotativo\" src=\"https:\/\/e-catalog.ducati.com\/EPCResources\/GRAPHICS\/immagini_pim\/E8\/E8636C561611E7F2141BC40ACB2976DA.anag.th.png\" alt=\"No secar en secarropas con tambor rotativo\" \/><\/div>\n<\/div>\n<div class=\"MuiGrid-root jss10854 MuiGrid-item MuiGrid-grid-xs-12\">\n<div class=\"jss10851\"><strong>Confort:<\/strong><\/div>\n<div class=\"jss10852\">100% ventilado<\/div>\n<div class=\"jss10852\">Aplicaciones el\u00e1sticas<\/div>\n<\/div>\n<div class=\"MuiGrid-root jss10854 MuiGrid-item MuiGrid-grid-xs-12\">\n<div class=\"jss10851\"><strong>Linea prodotto:<\/strong><\/div>\n<div class=\"jss10852\">Ducati<\/div>\n<div><strong>Protecci\u00f3n:<\/strong><\/div>\n<\/div>\n<\/div>\n<\/div>\n<\/div>\n<\/div>\n<\/div>\n<div>\n<div class=\"jss10958\">\n<div class=\"jss10945 element\">\n<div class=\"jss10888\">\n<div><img decoding=\"async\" src=\"https:\/\/e-catalog.ducati.com\/EPCResources\/GRAPHICS\/immagini_pim\/94\/945AE41C5E5969EA5D250BE983635B84.png\" alt=\"Protecci\u00f3n de nudillos de poliuretano con ventilaci\u00f3n directa\" \/> Protecci\u00f3n de nudillos de poliuretano con ventilaci\u00f3n directa<\/div>\n<\/div>\n<div class=\"jss10888\">\n<div><img decoding=\"async\" src=\"https:\/\/e-catalog.ducati.com\/EPCResources\/GRAPHICS\/immagini_pim\/FD\/FD16F2BDC13835A297914692CF27287B.png\" alt=\"Refuerzos de piel y microfibra en los dedos, lateral de la mano y palma\" \/> Refuerzos de piel y microfibra en los dedos, lateral de la mano y palma<\/div>\n<\/div>\n<\/div>\n<\/div>\n<\/div>\n","protected":false},"excerpt":{"rendered":"<div>\n<div class=\"jss1215\">\n<div class=\"jss16618\">\n<div class=\"jss6901\"><\/div>\n<\/div>\n<\/div>\n<\/div>\n<div>\n<div class=\"jss1334\">\n<div class=\"jss1321 element\">\n<div class=\"jss1074\">\n<div class=\"jss1061 element\">\n<div>\n<div class=\"jss9735\"><\/div>\n<\/div>\n<div>\n<div class=\"jss9854\">\n<div class=\"jss9841 element\">\n<div>\n<div>\n<div>\n<div class=\"jss10839\">De la colaboraci\u00f3n con Spidi nacen estos guantes para un uso urbano durante el verano: ventilados, ergon\u00f3micos e inconfundiblemente Ducati. La parte externa es realizada con una mezcla de tejidos el\u00e1sticos, microfibra y red 3D para dar confort y ventilaci\u00f3n directa, maximizada tambi\u00e9n por las protecciones de los nudillos de poliuretano. Certificados CE, est\u00e1n dotados de refuerzos de microfibra en el lateral de la mano y en la palma, para m\u00e1s protecci\u00f3n, y de aplicaciones el\u00e1sticas, para una mejor vestibilidad. El cierre regulable con velcro en la mu\u00f1eca y el material touchscreen aplicado en la yema del \u00edndice les confieren practicidad. Look minimalista pero definido, inconfundible gracias a la banda roja con el logotipo Ducati. Una concentraci\u00f3n de confort y estilo que no pasar\u00e1 inadvertida.<\/div>\n<\/div>\n<\/div>\n<\/div>\n<div>\n<div class=\"jss10958\">\n<div class=\"jss10945 element\"><\/div>\n<\/div>\n<\/div>\n<\/div>\n<\/div>\n<\/div>\n<\/div>\n<\/div>\n<\/div>\n<\/div>\n<\/div>\n","protected":false},"featured_media":6722,"comment_status":"closed","ping_status":"closed","template":"","meta":[],"product_cat":[28,17],"product_tag":[],"class_list":["post-6717","product","type-product","status-publish","has-post-thumbnail","hentry","product_cat-guantes","product_cat-ropa-de-moto","pa_talla-numerica-m","pa_talla-numerica-l","pa_talla-numerica-xl","pa_talla-numerica-s"],"_links":{"self":[{"href":"https:\/\/www.ducaticolombia.co\/tienda\/wp-json\/wp\/v2\/product\/6717","targetHints":{"allow":["GET"]}}],"collection":[{"href":"https:\/\/www.ducaticolombia.co\/tienda\/wp-json\/wp\/v2\/product"}],"about":[{"href":"https:\/\/www.ducaticolombia.co\/tienda\/wp-json\/wp\/v2\/types\/product"}],"replies":[{"embeddable":true,"href":"https:\/\/www.ducaticolombia.co\/tienda\/wp-json\/wp\/v2\/comments?post=6717"}],"wp:featuredmedia":[{"embeddable":true,"href":"https:\/\/www.ducaticolombia.co\/tienda\/wp-json\/wp\/v2\/media\/6722"}],"wp:attachment":[{"href":"https:\/\/www.ducaticolombia.co\/tienda\/wp-json\/wp\/v2\/media?parent=6717"}],"wp:term":[{"taxonomy":"product_cat","embeddable":true,"href":"https:\/\/www.ducaticolombia.co\/tienda\/wp-json\/wp\/v2\/product_cat?post=6717"},{"taxonomy":"product_tag","embeddable":true,"href":"https:\/\/www.ducaticolombia.co\/tienda\/wp-json\/wp\/v2\/product_tag?post=6717"}],"curies":[{"name":"wp","href":"https:\/\/api.w.org\/{rel}","templated":true}]}}