{"id":6724,"date":"2025-08-12T20:23:06","date_gmt":"2025-08-13T01:23:06","guid":{"rendered":"https:\/\/www.ducaticolombia.co\/tienda\/?post_type=product&#038;p=6724"},"modified":"2026-02-18T00:00:27","modified_gmt":"2026-02-18T05:00:27","slug":"guantes-sport-c4-ducati-original","status":"publish","type":"product","link":"https:\/\/www.ducaticolombia.co\/tienda\/producto\/guantes-sport-c4-ducati-original\/","title":{"rendered":"Guantes Sport C4 | Ducati | Original"},"content":{"rendered":"<div>\n<div>\n<div>\n<div class=\"jss12052 jss12047\">\n<div class=\"MuiGrid-root MuiGrid-container MuiGrid-spacing-xs-1\">\n<div class=\"MuiGrid-root jss12022 MuiGrid-item MuiGrid-grid-xs-12\">\n<div class=\"jss12019\"><strong>Exterior:<\/strong><\/div>\n<div class=\"jss12020\">Piel de cabra<\/div>\n<div class=\"jss12020\">Superfabric\u00ae<\/div>\n<\/div>\n<div class=\"MuiGrid-root jss12022 MuiGrid-item MuiGrid-grid-xs-12\">\n<div class=\"jss12019\"><strong>Interior:<\/strong><\/div>\n<div class=\"jss12020\">Palma sin forro, forro ligero en el dorso<\/div>\n<\/div>\n<div class=\"MuiGrid-root jss12022 MuiGrid-item MuiGrid-grid-xs-12\">\n<div class=\"jss12019\"><strong>Plus:<\/strong><\/div>\n<div class=\"jss12020\">Cierre regulable con Velcro\u00ae en la mu\u00f1eca<\/div>\n<div class=\"jss12020\">Aplicaci\u00f3n limpia-visera<\/div>\n<div class=\"jss12020\">Pantalla t\u00e1ctil en la yema del \u00edndice<\/div>\n<\/div>\n<div class=\"MuiGrid-root jss12022 MuiGrid-item MuiGrid-grid-xs-12\">\n<div class=\"jss12019\"><strong>S\u00edmbolos de lavado:<\/strong><\/div>\n<div class=\"jss12020\"><img decoding=\"async\" class=\"jss12021\" title=\"No lavar en agua\" src=\"https:\/\/e-catalog.ducati.com\/EPCResources\/GRAPHICS\/immagini_pim\/30\/30F84FF180F57BDEEBAB8DC41662798F.anag.th.png\" alt=\"No lavar en agua\" \/><img decoding=\"async\" class=\"jss12021\" title=\"No blanquear con cloro\" src=\"https:\/\/e-catalog.ducati.com\/EPCResources\/GRAPHICS\/immagini_pim\/D2\/D2C7FC22C012E518F5F2DBA764237D5C.anag.th.png\" alt=\"No blanquear con cloro\" \/><img decoding=\"async\" class=\"jss12021\" title=\"No planchar\" src=\"https:\/\/e-catalog.ducati.com\/EPCResources\/GRAPHICS\/immagini_pim\/A9\/A94C88F492B075D8FE914F44E8728AFE.anag.th.png\" alt=\"No planchar\" \/><img decoding=\"async\" class=\"jss12021\" title=\"No lavar a seco, no desmanchar con solventes\" src=\"https:\/\/e-catalog.ducati.com\/EPCResources\/GRAPHICS\/immagini_pim\/02\/0221B9AD83091F0BB09B2439306B6572.anag.th.png\" alt=\"No lavar a seco, no desmanchar con solventes\" \/><img decoding=\"async\" class=\"jss12021\" title=\"No secar en secarropas con tambor rotativo\" src=\"https:\/\/e-catalog.ducati.com\/EPCResources\/GRAPHICS\/immagini_pim\/E8\/E8636C561611E7F2141BC40ACB2976DA.anag.th.png\" alt=\"No secar en secarropas con tambor rotativo\" \/><img decoding=\"async\" class=\"jss12021\" title=\"MUY IMPORTANTE PARA TODAS PRENDAS T\u00c9CNICAS DE PIEL: limpiar con espec\u00edfico kit para el cuidado de la piel o con una esponja o pa\u00f1o h\u00famedo y un poco de jab\u00f3n neutro. Pasar con suavidad y secar con un pa\u00f1o limpio. No secar la prenda al sol o cerca de fuentes de calor. no conservar la prenda dentro de fundas de celof\u00e1n\" src=\"https:\/\/e-catalog.ducati.com\/EPCResources\/GRAPHICS\/immagini_pim\/F0\/F017279787CB4BF56FA23AC7D0EA5F7D.anag.th.png\" alt=\"MUY IMPORTANTE PARA TODAS PRENDAS T\u00c9CNICAS DE PIEL: limpiar con espec\u00edfico kit para el cuidado de la piel o con una esponja o pa\u00f1o h\u00famedo y un poco de jab\u00f3n neutro. Pasar con suavidad y secar con un pa\u00f1o limpio. No secar la prenda al sol o cerca de fuentes de calor. no conservar la prenda dentro de fundas de celof\u00e1n\" \/><\/div>\n<\/div>\n<div class=\"MuiGrid-root jss12022 MuiGrid-item MuiGrid-grid-xs-12\">\n<div class=\"jss12019\"><strong>Confort:<\/strong><\/div>\n<div class=\"jss12020\">Perforaci\u00f3n al interior de los dedos<\/div>\n<div class=\"jss12020\">Aplicaciones el\u00e1sticas de piel en el dorso para aumentar el confort y mejorar el movimiento de la mano durante la conducci\u00f3n<\/div>\n<\/div>\n<div class=\"MuiGrid-root jss12022 MuiGrid-item MuiGrid-grid-xs-12\">\n<div class=\"jss12019\"><strong>Linea prodotto:<\/strong><\/div>\n<div class=\"jss12020\">Ducati<\/div>\n<\/div>\n<div class=\"MuiGrid-root jss12022 MuiGrid-item MuiGrid-grid-xs-12\">\n<div class=\"jss12019\"><strong>Material:<\/strong><\/div>\n<div class=\"jss12020\">Microfibra<\/div>\n<div class=\"jss12020\">Tela<\/div>\n<div><strong>Protecci\u00f3n:\u00a0<\/strong><\/div>\n<\/div>\n<\/div>\n<\/div>\n<\/div>\n<\/div>\n<\/div>\n<div>\n<div class=\"jss12126\">\n<div class=\"jss12113 element\">\n<div class=\"jss12056\">\n<div><img decoding=\"async\" src=\"https:\/\/e-catalog.ducati.com\/EPCResources\/GRAPHICS\/immagini_pim\/0F\/0FE9AFB10E547206BC442B8991BAA3D0.png\" alt=\"Protecciones de poliuretano termopl\u00e1stico\" \/> Protecciones de poliuretano termopl\u00e1stico<\/div>\n<\/div>\n<div class=\"jss12056\">\n<div><img decoding=\"async\" src=\"https:\/\/e-catalog.ducati.com\/EPCResources\/GRAPHICS\/immagini_pim\/98\/9895A6E3A9DB59B343C6D1A428BF9FDB.png\" alt=\"Palma reforzada con Armaprotec\" \/> Palma reforzada con Armaprotec<\/div>\n<\/div>\n<\/div>\n<\/div>\n<\/div>\n","protected":false},"excerpt":{"rendered":"<div>\n<div class=\"jss1215\">\n<div class=\"jss16618\">\n<div class=\"jss6901\">\n<div>\n<div>\n<div>\n<div class=\"jss12007\">Los guantes cortos Sport C4, desarrollados en colaboraci\u00f3n con Held, son extremadamente vers\u00e1tiles y se adaptan a las necesidades tanto de los pilotos amantes del deporte como de los que prefieren los viajes cortos. Los materiales de alta calidad y la palma sin forro y reforzada con Armaprotec hacen que estos guantes sean duraderos y c\u00f3modos, mientras que el ligero forro del dorso y las protecciones de nudillos ventiladas garantizan un excelente confort t\u00e9rmico. El dise\u00f1o en perfecto estilo Ducati los convierte en el accesorio ideal para conciliar los requisitos t\u00e9cnicos con un aspecto de gran car\u00e1cter.<\/div>\n<\/div>\n<\/div>\n<\/div>\n<div>\n<div class=\"jss12126\">\n<div class=\"jss12113 element\"><\/div>\n<\/div>\n<\/div>\n<\/div>\n<\/div>\n<\/div>\n<\/div>\n<div>\n<div class=\"jss1334\">\n<div class=\"jss1321 element\">\n<div class=\"jss1074\">\n<div class=\"jss1061 element\">\n<div>\n<div class=\"jss9854\">\n<div class=\"jss9841 element\">\n<div>\n<div class=\"jss10958\">\n<div class=\"jss10945 element\"><\/div>\n<\/div>\n<\/div>\n<\/div>\n<\/div>\n<\/div>\n<\/div>\n<\/div>\n<\/div>\n<\/div>\n<\/div>\n","protected":false},"featured_media":6730,"comment_status":"closed","ping_status":"closed","template":"","meta":[],"product_cat":[28,17],"product_tag":[],"class_list":["post-6724","product","type-product","status-publish","has-post-thumbnail","hentry","product_cat-guantes","product_cat-ropa-de-moto","pa_talla-numerica-s","pa_talla-numerica-m","pa_talla-numerica-l","pa_talla-numerica-xl"],"_links":{"self":[{"href":"https:\/\/www.ducaticolombia.co\/tienda\/wp-json\/wp\/v2\/product\/6724","targetHints":{"allow":["GET"]}}],"collection":[{"href":"https:\/\/www.ducaticolombia.co\/tienda\/wp-json\/wp\/v2\/product"}],"about":[{"href":"https:\/\/www.ducaticolombia.co\/tienda\/wp-json\/wp\/v2\/types\/product"}],"replies":[{"embeddable":true,"href":"https:\/\/www.ducaticolombia.co\/tienda\/wp-json\/wp\/v2\/comments?post=6724"}],"wp:featuredmedia":[{"embeddable":true,"href":"https:\/\/www.ducaticolombia.co\/tienda\/wp-json\/wp\/v2\/media\/6730"}],"wp:attachment":[{"href":"https:\/\/www.ducaticolombia.co\/tienda\/wp-json\/wp\/v2\/media?parent=6724"}],"wp:term":[{"taxonomy":"product_cat","embeddable":true,"href":"https:\/\/www.ducaticolombia.co\/tienda\/wp-json\/wp\/v2\/product_cat?post=6724"},{"taxonomy":"product_tag","embeddable":true,"href":"https:\/\/www.ducaticolombia.co\/tienda\/wp-json\/wp\/v2\/product_tag?post=6724"}],"curies":[{"name":"wp","href":"https:\/\/api.w.org\/{rel}","templated":true}]}}