{"id":6738,"date":"2025-08-12T20:41:43","date_gmt":"2025-08-13T01:41:43","guid":{"rendered":"https:\/\/www.ducaticolombia.co\/tienda\/?post_type=product&#038;p=6738"},"modified":"2026-04-07T12:45:24","modified_gmt":"2026-04-07T17:45:24","slug":"guantes-company-c2-ducati-original","status":"publish","type":"product","link":"https:\/\/www.ducaticolombia.co\/tienda\/producto\/guantes-company-c2-ducati-original\/","title":{"rendered":"Guantes Company C2 | Ducati | Original"},"content":{"rendered":"<div>\n<div>\n<div>\n<div class=\"jss2206 jss2201\">\n<div class=\"MuiGrid-root MuiGrid-container MuiGrid-spacing-xs-1\">\n<div class=\"MuiGrid-root jss2176 MuiGrid-item MuiGrid-grid-xs-12\">\n<div class=\"jss2173\"><strong>Exterior:<\/strong><\/div>\n<div class=\"jss2174\">Piel de cabra<\/div>\n<div class=\"jss2174\">La parte superior de la mano es una mezcla de malla, spandex y cuero para lograr una mayor durabilidad y confort del conductor<\/div>\n<div class=\"jss2174\">Palma de gamuza sint\u00e9tica y cuero reforzado para un mejor agarre y resistencia a la abrasi\u00f3n<\/div>\n<\/div>\n<div class=\"MuiGrid-root jss2176 MuiGrid-item MuiGrid-grid-xs-12\">\n<div class=\"jss2173\"><strong>Plus:<\/strong><\/div>\n<div class=\"jss2174\">Cierre regulable con Velcro\u00ae en la mu\u00f1eca<\/div>\n<div class=\"jss2174\">Pantalla t\u00e1ctil en la yema del \u00edndice<\/div>\n<\/div>\n<div class=\"MuiGrid-root jss2176 MuiGrid-item MuiGrid-grid-xs-12\">\n<div class=\"jss2173\"><strong>S\u00edmbolos de lavado:<\/strong><\/div>\n<div class=\"jss2174\"><img decoding=\"async\" class=\"jss2175\" title=\"No lavar en agua\" src=\"https:\/\/e-catalog.ducati.com\/EPCResources\/GRAPHICS\/immagini_pim\/30\/30F84FF180F57BDEEBAB8DC41662798F.anag.th.png\" alt=\"No lavar en agua\" \/><img decoding=\"async\" class=\"jss2175\" title=\"No blanquear con cloro\" src=\"https:\/\/e-catalog.ducati.com\/EPCResources\/GRAPHICS\/immagini_pim\/D2\/D2C7FC22C012E518F5F2DBA764237D5C.anag.th.png\" alt=\"No blanquear con cloro\" \/><img decoding=\"async\" class=\"jss2175\" title=\"No planchar\" src=\"https:\/\/e-catalog.ducati.com\/EPCResources\/GRAPHICS\/immagini_pim\/A9\/A94C88F492B075D8FE914F44E8728AFE.anag.th.png\" alt=\"No planchar\" \/><img decoding=\"async\" class=\"jss2175\" title=\"No lavar a seco, no desmanchar con solventes\" src=\"https:\/\/e-catalog.ducati.com\/EPCResources\/GRAPHICS\/immagini_pim\/02\/0221B9AD83091F0BB09B2439306B6572.anag.th.png\" alt=\"No lavar a seco, no desmanchar con solventes\" \/><img decoding=\"async\" class=\"jss2175\" title=\"No secar en secarropas con tambor rotativo\" src=\"https:\/\/e-catalog.ducati.com\/EPCResources\/GRAPHICS\/immagini_pim\/E8\/E8636C561611E7F2141BC40ACB2976DA.anag.th.png\" alt=\"No secar en secarropas con tambor rotativo\" \/><img decoding=\"async\" class=\"jss2175\" title=\"MUY IMPORTANTE PARA TODAS PRENDAS T\u00c9CNICAS DE PIEL: limpiar con espec\u00edfico kit para el cuidado de la piel o con una esponja o pa\u00f1o h\u00famedo y un poco de jab\u00f3n neutro. Pasar con suavidad y secar con un pa\u00f1o limpio. No secar la prenda al sol o cerca de fuentes de calor. no conservar la prenda dentro de fundas de celof\u00e1n\" src=\"https:\/\/e-catalog.ducati.com\/EPCResources\/GRAPHICS\/immagini_pim\/F0\/F017279787CB4BF56FA23AC7D0EA5F7D.anag.th.png\" alt=\"MUY IMPORTANTE PARA TODAS PRENDAS T\u00c9CNICAS DE PIEL: limpiar con espec\u00edfico kit para el cuidado de la piel o con una esponja o pa\u00f1o h\u00famedo y un poco de jab\u00f3n neutro. Pasar con suavidad y secar con un pa\u00f1o limpio. No secar la prenda al sol o cerca de fuentes de calor. no conservar la prenda dentro de fundas de celof\u00e1n\" \/><\/div>\n<\/div>\n<div class=\"MuiGrid-root jss2176 MuiGrid-item MuiGrid-grid-xs-12\">\n<div class=\"jss2173\"><strong>Confort:<\/strong><\/div>\n<div class=\"jss2174\">100% ventilado<\/div>\n<\/div>\n<div class=\"MuiGrid-root jss2176 MuiGrid-item MuiGrid-grid-xs-12\">\n<div class=\"jss2173\"><strong>Linea prodotto:<\/strong><\/div>\n<div class=\"jss2174\">Ducati<\/div>\n<\/div>\n<div class=\"MuiGrid-root jss2176 MuiGrid-item MuiGrid-grid-xs-12\">\n<div class=\"jss2173\"><strong>Material:<\/strong><\/div>\n<div class=\"jss2174\">Piel<\/div>\n<\/div>\n<\/div>\n<\/div>\n<\/div>\n<\/div>\n<\/div>\n<div>\n<div class=\"jss2280\">\n<div class=\"jss2267 element\"><strong>Protecci\u00f3n:<\/strong><\/div>\n<div>\n<div><img decoding=\"async\" src=\"https:\/\/e-catalog.ducati.com\/EPCResources\/GRAPHICS\/immagini_pim\/D9\/D9E6C877C2925A1FF0DCF67F6D38AC24.png\" alt=\"Protecciones carbon look en los nudillos\" \/> Protecciones carb\u00f3n look en los nudillos<\/div>\n<\/div>\n<\/div>\n<\/div>\n","protected":false},"excerpt":{"rendered":"<div>\n<div class=\"jss1215\">\n<div class=\"jss16618\">\n<div class=\"jss6901\">\n<div class=\"jss12007\">\n<div>\n<div>\n<div>\n<div class=\"jss2161\">Ligeros, de estilo agresivo y muy resistentes, los guantes Company C2 cuentan con un robusto protector de nudillos r\u00edgido \u00abcarbon look\u00bb en una carcasa principal de varios paneles y est\u00e1n reforzados en las zonas m\u00e1s expuestas en caso de ca\u00edda. Las puntas de los dedos son compatibles con las pantallas t\u00e1ctiles, lo que permite el uso de sistemas GPS y smartphones. Confort optimizado gracias a la alta ventilaci\u00f3n, las costuras m\u00ednimas y una parte superior fabricada con una mezcla de malla, tejido Spandex y cuero. La palma de gamuza sint\u00e9tica y cuero reforzado ofrece, en cambio, un mejor agarre y resistencia a la abrasi\u00f3n. Otro punto fuerte es el dise\u00f1o sencillo y eficaz que los convierte en el accesorio perfecto para quienes buscan el estilo Ducati incluso en los detalles.<\/div>\n<\/div>\n<\/div>\n<\/div>\n<div>\n<div class=\"jss2280\">\n<div class=\"jss2267 element\"><\/div>\n<\/div>\n<\/div>\n<\/div>\n<\/div>\n<\/div>\n<\/div>\n<\/div>\n<div>\n<div class=\"jss1334\">\n<div class=\"jss1321 element\">\n<div class=\"jss1074\">\n<div class=\"jss1061 element\">\n<div class=\"jss9854\">\n<div class=\"jss9841 element\">\n<div class=\"jss10958\">\n<div class=\"jss10945 element\">\n<div>\n<div class=\"jss13413\">\n<div class=\"jss13400 element\"><\/div>\n<\/div>\n<\/div>\n<\/div>\n<\/div>\n<\/div>\n<\/div>\n<\/div>\n<\/div>\n<\/div>\n<\/div>\n<\/div>\n","protected":false},"featured_media":6743,"comment_status":"closed","ping_status":"closed","template":"","meta":[],"product_cat":[28,17],"product_tag":[],"class_list":["post-6738","product","type-product","status-publish","has-post-thumbnail","hentry","product_cat-guantes","product_cat-ropa-de-moto","pa_talla-numerica-s","pa_talla-numerica-m","pa_talla-numerica-l","pa_talla-numerica-xl"],"_links":{"self":[{"href":"https:\/\/www.ducaticolombia.co\/tienda\/wp-json\/wp\/v2\/product\/6738","targetHints":{"allow":["GET"]}}],"collection":[{"href":"https:\/\/www.ducaticolombia.co\/tienda\/wp-json\/wp\/v2\/product"}],"about":[{"href":"https:\/\/www.ducaticolombia.co\/tienda\/wp-json\/wp\/v2\/types\/product"}],"replies":[{"embeddable":true,"href":"https:\/\/www.ducaticolombia.co\/tienda\/wp-json\/wp\/v2\/comments?post=6738"}],"wp:featuredmedia":[{"embeddable":true,"href":"https:\/\/www.ducaticolombia.co\/tienda\/wp-json\/wp\/v2\/media\/6743"}],"wp:attachment":[{"href":"https:\/\/www.ducaticolombia.co\/tienda\/wp-json\/wp\/v2\/media?parent=6738"}],"wp:term":[{"taxonomy":"product_cat","embeddable":true,"href":"https:\/\/www.ducaticolombia.co\/tienda\/wp-json\/wp\/v2\/product_cat?post=6738"},{"taxonomy":"product_tag","embeddable":true,"href":"https:\/\/www.ducaticolombia.co\/tienda\/wp-json\/wp\/v2\/product_tag?post=6738"}],"curies":[{"name":"wp","href":"https:\/\/api.w.org\/{rel}","templated":true}]}}