{"id":6823,"date":"2025-08-14T15:49:16","date_gmt":"2025-08-14T20:49:16","guid":{"rendered":"https:\/\/www.ducaticolombia.co\/tienda\/?post_type=product&#038;p=6823"},"modified":"2026-02-18T00:00:27","modified_gmt":"2026-02-18T05:00:27","slug":"chaqueta-con-protecciones-outdoor-c3-ducati-original","status":"publish","type":"product","link":"https:\/\/www.ducaticolombia.co\/tienda\/producto\/chaqueta-con-protecciones-outdoor-c3-ducati-original\/","title":{"rendered":"Chaqueta Con Protecciones Outdoor C3 | Ducati | Original"},"content":{"rendered":"<div>\n<div>\n<div>\n<div class=\"jss16747 jss16742\">\n<div class=\"MuiGrid-root MuiGrid-container MuiGrid-spacing-xs-1\">\n<div class=\"MuiGrid-root jss16717 MuiGrid-item MuiGrid-grid-xs-12\">\n<div class=\"jss16714\"><strong>Exterior:<\/strong><\/div>\n<div class=\"jss16715\">Soft-shell el\u00e1stico compuesto por una combinaci\u00f3n de 3 capas (tejido soft-shell, membrana antiviento y transpirable, micropolar)<\/div>\n<\/div>\n<div class=\"MuiGrid-root jss16717 MuiGrid-item MuiGrid-grid-xs-12\">\n<div class=\"jss16714\"><strong>Interior:<\/strong><\/div>\n<div class=\"jss16715\">Forro de malla de poli\u00e9ster (90 g\/m\u00b2) resistente al desgaste y al Velcro\u2122 y con alta dispersi\u00f3n del sudor<\/div>\n<div class=\"jss16715\">Chaqueta t\u00e9rmica extra\u00edble, que se puede usar tambi\u00e9n de forma separada, de poli\u00e9ster repelente al agua y transpirante<\/div>\n<\/div>\n<div class=\"MuiGrid-root jss16717 MuiGrid-item MuiGrid-grid-xs-12\">\n<div class=\"jss16714\"><strong>Plus:<\/strong><\/div>\n<div class=\"jss16715\">2 bolsillos externos, 1 interior<\/div>\n<div class=\"jss16715\">Impresiones reflex<\/div>\n<div class=\"jss16715\">Ojal para pulgar dentro del bajo-manga para evitar el deslizamiento de la manga y de la protecci\u00f3n en caso de ca\u00edda<\/div>\n<\/div>\n<div class=\"MuiGrid-root jss16717 MuiGrid-item MuiGrid-grid-xs-12\">\n<div class=\"jss16714\"><strong>S\u00edmbolos de lavado:<\/strong><\/div>\n<div class=\"jss16715\"><img decoding=\"async\" class=\"jss16716\" title=\"Lavado a mano a 40\u00b0\" src=\"https:\/\/e-catalog.ducati.com\/EPCResources\/GRAPHICS\/immagini_pim\/47\/47CF9988D61038F51647598C06314070.anag.th.png\" alt=\"Lavado a mano a 40\u00b0\" \/><img decoding=\"async\" class=\"jss16716\" title=\"No blanquear con cloro\" src=\"https:\/\/e-catalog.ducati.com\/EPCResources\/GRAPHICS\/immagini_pim\/D2\/D2C7FC22C012E518F5F2DBA764237D5C.anag.th.png\" alt=\"No blanquear con cloro\" \/><img decoding=\"async\" class=\"jss16716\" title=\"Extender colgado\" src=\"https:\/\/e-catalog.ducati.com\/EPCResources\/GRAPHICS\/immagini_pim\/66\/661B57FD8934834E949DDA8DC8C2E3CD.anag.th.png\" alt=\"Extender colgado\" \/><img decoding=\"async\" class=\"jss16716\" title=\"Temperatura m\u00e1xima de la plancha 110\u00b0\" src=\"https:\/\/e-catalog.ducati.com\/EPCResources\/GRAPHICS\/immagini_pim\/1A\/1AABDA1E99555CA7F0B3B509897D0099.anag.th.png\" alt=\"Temperatura m\u00e1xima de la plancha 110\u00b0\" \/><img decoding=\"async\" class=\"jss16716\" title=\"No lavar a seco, no desmanchar con solventes\" src=\"https:\/\/e-catalog.ducati.com\/EPCResources\/GRAPHICS\/immagini_pim\/02\/0221B9AD83091F0BB09B2439306B6572.anag.th.png\" alt=\"No lavar a seco, no desmanchar con solventes\" \/><img decoding=\"async\" class=\"jss16716\" title=\"No secar en secarropas con tambor rotativo\" src=\"https:\/\/e-catalog.ducati.com\/EPCResources\/GRAPHICS\/immagini_pim\/E8\/E8636C561611E7F2141BC40ACB2976DA.anag.th.png\" alt=\"No secar en secarropas con tambor rotativo\" \/><\/div>\n<\/div>\n<div class=\"MuiGrid-root jss16717 MuiGrid-item MuiGrid-grid-xs-12\">\n<div class=\"jss16714\"><strong>Confort:<\/strong><\/div>\n<div class=\"jss16715\">Completamente realizado con tejidos el\u00e1sticos y transpirables<\/div>\n<div class=\"jss16715\">Dobladillo el\u00e0stico para la regulaci\u00f2n de la amplitud del fondo de la chaqueta<\/div>\n<div class=\"jss16715\">Cierre cuello regulable<\/div>\n<div class=\"jss16715\">Capucha fija con ajuste de volumen<\/div>\n<\/div>\n<div class=\"MuiGrid-root jss16717 MuiGrid-item MuiGrid-grid-xs-12\">\n<div class=\"jss16714\"><strong>Linea prodotto:<\/strong><\/div>\n<div class=\"jss16715\">Ducati<\/div>\n<\/div>\n<div class=\"MuiGrid-root jss16717 MuiGrid-item MuiGrid-grid-xs-12\">\n<div class=\"jss16714\"><strong>Material:<\/strong><\/div>\n<div class=\"jss16715\">Tela<\/div>\n<div class=\"jss16715\">Tela soft-shell<\/div>\n<\/div>\n<\/div>\n<\/div>\n<\/div>\n<\/div>\n<\/div>\n<div>\n<div class=\"jss16821\">\n<div class=\"jss16808 element\"><strong>Protecci\u00f3n:<\/strong><\/div>\n<div>\n<div class=\"jss16751\">\n<div><img decoding=\"async\" src=\"https:\/\/e-catalog.ducati.com\/EPCResources\/GRAPHICS\/immagini_pim\/14\/1482EF091D2FF2B543CA722F5B70B8FE.png\" alt=\"Preparado para la introducci\u00f3n protecci\u00f3n espalda Warrior (por separado c\u00f3d. 981027003 y 981129523)\" \/> Preparado para la introducci\u00f3n protecci\u00f3n espalda Warrior (por separado c\u00f3d. 981027003 y 981129523)<\/div>\n<\/div>\n<div class=\"jss16751\">\n<div><img decoding=\"async\" src=\"https:\/\/e-catalog.ducati.com\/EPCResources\/GRAPHICS\/immagini_pim\/FD\/FD16F2BDC13835A297914692CF27287B.png\" alt=\"Warrior Lite extra\u00edbles certificadas seg\u00fan la norma EN 1621.1 nivel 1\" \/> Warrior Lite extra\u00edbles certificadas seg\u00fan la norma EN 1621.1 nivel 1<\/div>\n<\/div>\n<\/div>\n<\/div>\n<\/div>\n","protected":false},"excerpt":{"rendered":"<div>\n<div class=\"jss1215\">\n<div>\n<div class=\"jss16618\">\n<div>\n<div class=\"jss6901\">\n<div>\n<div>\n<div>\n<div class=\"jss16702\">La exclusiva chaqueta de tejido Outdoor C3 combina seguridad, funcionalidad y el inconfundible estilo Ducati. Disponible en versi\u00f3n masculina y femenina, la capa exterior est\u00e1 hecha de soft-shell de 3 capas de alta calidad, el\u00e1stica, antiviento y transpirable para garantizar el m\u00e1ximo confort t\u00e9rmico y de conducci\u00f3n. El volumen envolvente de la prenda se regula a trav\u00e9s del dobladillo en los lados y en la capucha, ofreciendo un calce \u00f3ptimo. El interior, que consiste en un pr\u00e1ctico plum\u00edfero que tambi\u00e9n puede utilizarse por separado, hace que sea perfecta para un contexto urbano, incluso al bajar de la moto. Sin embargo, como tambi\u00e9n est\u00e1 equipada con protecciones CE y preparada para la inserci\u00f3n del protector de espalda, esta chaqueta es ideal para un viaje fuera de la ciudad y para el turismo de cortas y medias distancias. La gran versatilidad tambi\u00e9n queda subrayada por el particular dise\u00f1o de esta prenda, que reinterpreta el ic\u00f3nico rojo Ducati en una variante m\u00e1s oscura, para un look impecable incluso fuera del contexto deportivo: la soluci\u00f3n perfecta para vivir plenamente la pasi\u00f3n por la Roja de Borgo Panigale.<\/div>\n<\/div>\n<\/div>\n<\/div>\n<div>\n<div class=\"jss16821\">\n<div class=\"jss16808 element\"><\/div>\n<\/div>\n<\/div>\n<\/div>\n<\/div>\n<div>\n<div class=\"jss7020\">\n<div class=\"jss7007 element\"><\/div>\n<\/div>\n<\/div>\n<\/div>\n<\/div>\n<div>\n<div class=\"jss16737\">\n<div class=\"jss16724 element\"><\/div>\n<\/div>\n<\/div>\n<\/div>\n<\/div>\n<div>\n<div class=\"jss1334\">\n<div class=\"jss1321 element\"><\/div>\n<\/div>\n<\/div>\n","protected":false},"featured_media":6826,"comment_status":"closed","ping_status":"closed","template":"","meta":[],"product_cat":[24,17],"product_tag":[],"class_list":["post-6823","product","type-product","status-publish","has-post-thumbnail","hentry","product_cat-chaquetas-con-proteccion","product_cat-ropa-de-moto","pa_talla-numerica-s","pa_talla-numerica-m","pa_talla-numerica-l"],"_links":{"self":[{"href":"https:\/\/www.ducaticolombia.co\/tienda\/wp-json\/wp\/v2\/product\/6823","targetHints":{"allow":["GET"]}}],"collection":[{"href":"https:\/\/www.ducaticolombia.co\/tienda\/wp-json\/wp\/v2\/product"}],"about":[{"href":"https:\/\/www.ducaticolombia.co\/tienda\/wp-json\/wp\/v2\/types\/product"}],"replies":[{"embeddable":true,"href":"https:\/\/www.ducaticolombia.co\/tienda\/wp-json\/wp\/v2\/comments?post=6823"}],"wp:featuredmedia":[{"embeddable":true,"href":"https:\/\/www.ducaticolombia.co\/tienda\/wp-json\/wp\/v2\/media\/6826"}],"wp:attachment":[{"href":"https:\/\/www.ducaticolombia.co\/tienda\/wp-json\/wp\/v2\/media?parent=6823"}],"wp:term":[{"taxonomy":"product_cat","embeddable":true,"href":"https:\/\/www.ducaticolombia.co\/tienda\/wp-json\/wp\/v2\/product_cat?post=6823"},{"taxonomy":"product_tag","embeddable":true,"href":"https:\/\/www.ducaticolombia.co\/tienda\/wp-json\/wp\/v2\/product_tag?post=6823"}],"curies":[{"name":"wp","href":"https:\/\/api.w.org\/{rel}","templated":true}]}}