{"id":7084,"date":"2025-08-24T19:28:51","date_gmt":"2025-08-25T00:28:51","guid":{"rendered":"https:\/\/www.ducaticolombia.co\/tienda\/?post_type=product&#038;p=7084"},"modified":"2026-02-18T00:00:28","modified_gmt":"2026-02-18T05:00:28","slug":"chaqueta-anti-lluvia-ducati-city-original","status":"publish","type":"product","link":"https:\/\/www.ducaticolombia.co\/tienda\/producto\/chaqueta-anti-lluvia-ducati-city-original\/","title":{"rendered":"Chaqueta Anti-Lluvia Ducati City | Original"},"content":{"rendered":"<div>\n<div>\n<div>\n<div class=\"jss30656 jss30651\">\n<div class=\"MuiGrid-root MuiGrid-container MuiGrid-spacing-xs-1\">\n<div class=\"MuiGrid-root jss30626 MuiGrid-item MuiGrid-grid-xs-12\">\n<div class=\"jss30623\"><strong>Materiales:<\/strong><\/div>\n<div class=\"jss30624\">100% poli\u00e9ster<\/div>\n<\/div>\n<div class=\"MuiGrid-root jss30626 MuiGrid-item MuiGrid-grid-xs-12\">\n<div class=\"jss30623\"><strong>Plus:<\/strong><\/div>\n<div class=\"jss30624\">1 bolsillo interno<\/div>\n<div class=\"jss30624\">Acolchado ligero<\/div>\n<div class=\"jss30624\">4 bolsillos exteriores<\/div>\n<div class=\"jss30624\">Aplicaciones reflectantes<\/div>\n<div class=\"jss30624\">Cremallera impermeable<\/div>\n<div class=\"jss30624\">Tejido resistente al agua<\/div>\n<\/div>\n<div class=\"MuiGrid-root jss30626 MuiGrid-item MuiGrid-grid-xs-12\">\n<div class=\"jss30623\"><strong>Personalizaciones:<\/strong><\/div>\n<div class=\"jss30624\">Impresi\u00f3n<\/div>\n<\/div>\n<div class=\"MuiGrid-root jss30626 MuiGrid-item MuiGrid-grid-xs-12\">\n<div class=\"jss30623\"><strong>S\u00edmbolos de lavado:<\/strong><\/div>\n<div class=\"jss30624\"><img decoding=\"async\" class=\"jss30625\" title=\"Lavado a m\u00e1quina a 30\u00b0\" src=\"https:\/\/e-catalog.ducati.com\/EPCResources\/GRAPHICS\/immagini_pim\/9A\/9AC8B7531C3552FF1CFDB73C2214926B.anag.th.png\" alt=\"Lavado a m\u00e1quina a 30\u00b0\" \/><img decoding=\"async\" class=\"jss30625\" title=\"No blanquear con cloro\" src=\"https:\/\/e-catalog.ducati.com\/EPCResources\/GRAPHICS\/immagini_pim\/D2\/D2C7FC22C012E518F5F2DBA764237D5C.anag.th.png\" alt=\"No blanquear con cloro\" \/><img decoding=\"async\" class=\"jss30625\" title=\"No planchar\" src=\"https:\/\/e-catalog.ducati.com\/EPCResources\/GRAPHICS\/immagini_pim\/A9\/A94C88F492B075D8FE914F44E8728AFE.anag.th.png\" alt=\"No planchar\" \/><img decoding=\"async\" class=\"jss30625\" title=\"No lavar a seco, no desmanchar con solventes\" src=\"https:\/\/e-catalog.ducati.com\/EPCResources\/GRAPHICS\/immagini_pim\/02\/0221B9AD83091F0BB09B2439306B6572.anag.th.png\" alt=\"No lavar a seco, no desmanchar con solventes\" \/><img decoding=\"async\" class=\"jss30625\" title=\"Permitido secado en tambor con programa de temperatura reducida\" src=\"https:\/\/e-catalog.ducati.com\/EPCResources\/GRAPHICS\/immagini_pim\/2E\/2E88624DD8B78A4EFE43D60AF2D205F9.anag.th.png\" alt=\"Permitido secado en tambor con programa de temperatura reducida\" \/><\/div>\n<\/div>\n<div class=\"MuiGrid-root jss30626 MuiGrid-item MuiGrid-grid-xs-12\">\n<div class=\"jss30623\"><strong>Linea prodotto:<\/strong><\/div>\n<div class=\"jss30624\">Ducati<\/div>\n<\/div>\n<div class=\"MuiGrid-root jss30626 MuiGrid-item MuiGrid-grid-xs-12\">\n<div class=\"jss30623\"><strong>Material:<\/strong><\/div>\n<div class=\"jss30624\">Poli\u00e9ster<\/div>\n<\/div>\n<\/div>\n<\/div>\n<\/div>\n<\/div>\n<\/div>\n<div>\n<div class=\"jss30730\">\n<div class=\"jss30717 element\"><\/div>\n<\/div>\n<\/div>\n","protected":false},"excerpt":{"rendered":"<div>\n<div>\n<div>\n<div class=\"jss30611\">La chaqueta impermeable City combina est\u00e9tica y funcionalidad. Realizada en poli\u00e9ster con una impermeabilidad de 3000 columnas de agua, con capucha con detalle reflectante y c\u00e1lida gracias a un ligero acolchado, es la chaqueta perfecta para los d\u00edas de lluvia. Los 4 bolsillos delanteros y los estampados reflectantes aumentan su atractivo, mientras que el estampado del magn\u00edfico escudo tono sobre tono en el forro interior resalta el cuidado de los detalles. Una prenda imprescindible para los admiradores de la marca.<\/div>\n<\/div>\n<\/div>\n<\/div>\n<div>\n<div class=\"jss30730\">\n<div class=\"jss30717 element\"><\/div>\n<\/div>\n<\/div>\n","protected":false},"featured_media":7090,"comment_status":"closed","ping_status":"closed","template":"","meta":[],"product_cat":[144,18],"product_tag":[],"class_list":["post-7084","product","type-product","status-publish","has-post-thumbnail","hentry","product_cat-chaquetas-ropa-casual","product_cat-ropa-casual","pa_talla-numerica-xl","pa_talla-numerica-xs","pa_talla-numerica-s","pa_talla-numerica-m","pa_talla-numerica-l"],"_links":{"self":[{"href":"https:\/\/www.ducaticolombia.co\/tienda\/wp-json\/wp\/v2\/product\/7084","targetHints":{"allow":["GET"]}}],"collection":[{"href":"https:\/\/www.ducaticolombia.co\/tienda\/wp-json\/wp\/v2\/product"}],"about":[{"href":"https:\/\/www.ducaticolombia.co\/tienda\/wp-json\/wp\/v2\/types\/product"}],"replies":[{"embeddable":true,"href":"https:\/\/www.ducaticolombia.co\/tienda\/wp-json\/wp\/v2\/comments?post=7084"}],"wp:featuredmedia":[{"embeddable":true,"href":"https:\/\/www.ducaticolombia.co\/tienda\/wp-json\/wp\/v2\/media\/7090"}],"wp:attachment":[{"href":"https:\/\/www.ducaticolombia.co\/tienda\/wp-json\/wp\/v2\/media?parent=7084"}],"wp:term":[{"taxonomy":"product_cat","embeddable":true,"href":"https:\/\/www.ducaticolombia.co\/tienda\/wp-json\/wp\/v2\/product_cat?post=7084"},{"taxonomy":"product_tag","embeddable":true,"href":"https:\/\/www.ducaticolombia.co\/tienda\/wp-json\/wp\/v2\/product_tag?post=7084"}],"curies":[{"name":"wp","href":"https:\/\/api.w.org\/{rel}","templated":true}]}}