{"id":7284,"date":"2025-11-04T23:45:50","date_gmt":"2025-11-05T04:45:50","guid":{"rendered":"https:\/\/www.ducaticolombia.co\/tienda\/?post_type=product&#038;p=7284"},"modified":"2026-02-18T00:00:28","modified_gmt":"2026-02-18T05:00:28","slug":"guantes-overland-c4-ducati-original","status":"publish","type":"product","link":"https:\/\/www.ducaticolombia.co\/tienda\/producto\/guantes-overland-c4-ducati-original\/","title":{"rendered":"Guantes Overland C4 | Ducati | Original"},"content":{"rendered":"<div>\n<div>\n<div>\n<div class=\"jss6374 jss6369\">\n<div class=\"MuiGrid-root MuiGrid-container MuiGrid-spacing-xs-1\">\n<div class=\"MuiGrid-root jss6344 MuiGrid-item MuiGrid-grid-xs-12\">\n<div class=\"jss6341\"><strong>Exterior:<\/strong><\/div>\n<div class=\"jss6342\">Microfibra s\u00edmil piel de alta resistencia (espesor 0,9 mm, resistencia a la abrasi\u00f3n 1.100 ciclos Martindale)Tejido el\u00e1stico que garantiza confort y aireaci\u00f3n<\/div>\n<\/div>\n<div class=\"MuiGrid-root jss6344 MuiGrid-item MuiGrid-grid-xs-12\">\n<div class=\"jss6341\"><strong>Interior:<\/strong><\/div>\n<div class=\"jss6342\">Jersey de Poliester interior para disipaci\u00f3n de transpiraci\u00f3n<\/div>\n<\/div>\n<div class=\"MuiGrid-root jss6344 MuiGrid-item MuiGrid-grid-xs-12\">\n<div class=\"jss6341\"><strong>Plus:<\/strong><\/div>\n<div class=\"jss6342\">Cinto anti-deslizamiento en el pu\u00f1o<\/div>\n<\/div>\n<div class=\"MuiGrid-root jss6344 MuiGrid-item MuiGrid-grid-xs-12\">\n<div class=\"jss6341\"><strong>S\u00edmbolos de lavado:<\/strong><\/div>\n<div class=\"jss6342\"><img decoding=\"async\" class=\"jss6343\" title=\"No lavar en agua\" src=\"https:\/\/e-catalog.ducati.com\/EPCResources\/GRAPHICS\/immagini_pim\/30\/30F84FF180F57BDEEBAB8DC41662798F.anag.th.png\" alt=\"No lavar en agua\" \/><img decoding=\"async\" class=\"jss6343\" title=\"No blanquear con cloro\" src=\"https:\/\/e-catalog.ducati.com\/EPCResources\/GRAPHICS\/immagini_pim\/D2\/D2C7FC22C012E518F5F2DBA764237D5C.anag.th.png\" alt=\"No blanquear con cloro\" \/><img decoding=\"async\" class=\"jss6343\" title=\"No planchar\" src=\"https:\/\/e-catalog.ducati.com\/EPCResources\/GRAPHICS\/immagini_pim\/A9\/A94C88F492B075D8FE914F44E8728AFE.anag.th.png\" alt=\"No planchar\" \/><img decoding=\"async\" class=\"jss6343\" title=\"No lavar a seco, no desmanchar con solventes\" src=\"https:\/\/e-catalog.ducati.com\/EPCResources\/GRAPHICS\/immagini_pim\/02\/0221B9AD83091F0BB09B2439306B6572.anag.th.png\" alt=\"No lavar a seco, no desmanchar con solventes\" \/><img decoding=\"async\" class=\"jss6343\" title=\"No secar en secarropas con tambor rotativo\" src=\"https:\/\/e-catalog.ducati.com\/EPCResources\/GRAPHICS\/immagini_pim\/E8\/E8636C561611E7F2141BC40ACB2976DA.anag.th.png\" alt=\"No secar en secarropas con tambor rotativo\" \/><\/div>\n<\/div>\n<div class=\"MuiGrid-root jss6344 MuiGrid-item MuiGrid-grid-xs-12\">\n<div class=\"jss6341\"><strong>Confort:<\/strong><\/div>\n<div class=\"jss6342\">100% ventilado<\/div>\n<\/div>\n<div class=\"MuiGrid-root jss6344 MuiGrid-item MuiGrid-grid-xs-12\">\n<div class=\"jss6341\"><strong>Linea prodotto:<\/strong><\/div>\n<div class=\"jss6342\">Ducati<\/div>\n<\/div>\n<div class=\"MuiGrid-root jss6344 MuiGrid-item MuiGrid-grid-xs-12\">\n<div class=\"jss6341\"><strong>Material:<\/strong><\/div>\n<div class=\"jss6342\">Microfibra<\/div>\n<div class=\"jss6342\">Tela<\/div>\n<div><strong>Protecci\u00f3n:<\/strong><\/div>\n<\/div>\n<\/div>\n<\/div>\n<\/div>\n<\/div>\n<\/div>\n<div>\n<div class=\"jss6448\">\n<div class=\"jss6435 element\">\n<div><img decoding=\"async\" src=\"https:\/\/e-catalog.ducati.com\/EPCResources\/GRAPHICS\/immagini_pim\/94\/945AE41C5E5969EA5D250BE983635B84.png\" alt=\"Protecci\u00f3n de nudillos de PU\" \/> Protecci\u00f3n de nudillos de PU<\/div>\n<\/div>\n<\/div>\n<\/div>\n","protected":false},"excerpt":{"rendered":"<div>\n<div>\n<div>\n<div class=\"jss6329\">Los guantes Overland C4, ahora disponibles tambi\u00e9n en versi\u00f3n para mujer, son de tejido el\u00e1stico y microfibra, lo que garantiza un \u00f3ptimo confort y tienen protecciones termoformadas de poliuretano en los nudillos y cierre regulable con Velcro\u2122. Disponibles en negro\/gris, llevan impresiones reflex en el dorso y personalizaciones Ducati de silicona en el pu\u00f1o. Con su estilo distintivo e informal, la atenci\u00f3n al detalle y la certificaci\u00f3n CE seg\u00fan las normativas europeas m\u00e1s recientes, los guantes Overland C4 son un accesorio imprescindible.<\/div>\n<\/div>\n<\/div>\n<\/div>\n<div>\n<div class=\"jss6448\">\n<div class=\"jss6435 element\"><\/div>\n<\/div>\n<\/div>\n","protected":false},"featured_media":7288,"comment_status":"closed","ping_status":"closed","template":"","meta":[],"product_cat":[28,17],"product_tag":[],"class_list":["post-7284","product","type-product","status-publish","has-post-thumbnail","hentry","product_cat-guantes","product_cat-ropa-de-moto","pa_talla-numerica-s","pa_talla-numerica-m","pa_talla-numerica-l","pa_talla-numerica-xl"],"_links":{"self":[{"href":"https:\/\/www.ducaticolombia.co\/tienda\/wp-json\/wp\/v2\/product\/7284","targetHints":{"allow":["GET"]}}],"collection":[{"href":"https:\/\/www.ducaticolombia.co\/tienda\/wp-json\/wp\/v2\/product"}],"about":[{"href":"https:\/\/www.ducaticolombia.co\/tienda\/wp-json\/wp\/v2\/types\/product"}],"replies":[{"embeddable":true,"href":"https:\/\/www.ducaticolombia.co\/tienda\/wp-json\/wp\/v2\/comments?post=7284"}],"wp:featuredmedia":[{"embeddable":true,"href":"https:\/\/www.ducaticolombia.co\/tienda\/wp-json\/wp\/v2\/media\/7288"}],"wp:attachment":[{"href":"https:\/\/www.ducaticolombia.co\/tienda\/wp-json\/wp\/v2\/media?parent=7284"}],"wp:term":[{"taxonomy":"product_cat","embeddable":true,"href":"https:\/\/www.ducaticolombia.co\/tienda\/wp-json\/wp\/v2\/product_cat?post=7284"},{"taxonomy":"product_tag","embeddable":true,"href":"https:\/\/www.ducaticolombia.co\/tienda\/wp-json\/wp\/v2\/product_tag?post=7284"}],"curies":[{"name":"wp","href":"https:\/\/api.w.org\/{rel}","templated":true}]}}