{"id":7384,"date":"2025-11-06T14:32:16","date_gmt":"2025-11-06T19:32:16","guid":{"rendered":"https:\/\/www.ducaticolombia.co\/tienda\/?post_type=product&#038;p=7384"},"modified":"2026-02-18T00:00:28","modified_gmt":"2026-02-18T05:00:28","slug":"guante-scr62-milestone-ducati-original","status":"publish","type":"product","link":"https:\/\/www.ducaticolombia.co\/tienda\/producto\/guante-scr62-milestone-ducati-original\/","title":{"rendered":"Guantes SCR62 Milestone | Ducati | Original"},"content":{"rendered":"<div>\n<div>\n<div>\n<div class=\"jss2537 jss2532\">\n<div class=\"MuiGrid-root MuiGrid-container MuiGrid-spacing-xs-1\">\n<div class=\"MuiGrid-root jss2507 MuiGrid-item MuiGrid-grid-xs-12\">\n<div class=\"jss2504\"><strong>Exterior:<\/strong><\/div>\n<div class=\"jss2505\">Microfibra s\u00edmil piel de alta resistencia (espesor 0,9 mm, resistencia a la abrasi\u00f3n 1.100 ciclos Martindale)<\/div>\n<div class=\"jss2505\">Tejido el\u00e1stico que garantiza confort y aireaci\u00f3n<\/div>\n<\/div>\n<div class=\"MuiGrid-root jss2507 MuiGrid-item MuiGrid-grid-xs-12\">\n<div class=\"jss2504\"><strong>Interior:<\/strong><\/div>\n<div class=\"jss2505\">Jersey de Poliester interior para disipaci\u00f3n de transpiraci\u00f3n<\/div>\n<\/div>\n<div class=\"MuiGrid-root jss2507 MuiGrid-item MuiGrid-grid-xs-12\">\n<div class=\"jss2504\"><strong>Plus:<\/strong><\/div>\n<div class=\"jss2505\">Cinto anti-deslizamiento en el pu\u00f1o<\/div>\n<\/div>\n<div class=\"MuiGrid-root jss2507 MuiGrid-item MuiGrid-grid-xs-12\">\n<div class=\"jss2504\"><strong>S\u00edmbolos de lavado:<\/strong><\/div>\n<div class=\"jss2505\"><img decoding=\"async\" class=\"jss2506\" title=\"No lavar en agua\" src=\"https:\/\/e-catalog.ducati.com\/EPCResources\/GRAPHICS\/immagini_pim\/30\/30F84FF180F57BDEEBAB8DC41662798F.anag.th.png\" alt=\"No lavar en agua\" \/><img decoding=\"async\" class=\"jss2506\" title=\"No blanquear con cloro\" src=\"https:\/\/e-catalog.ducati.com\/EPCResources\/GRAPHICS\/immagini_pim\/D2\/D2C7FC22C012E518F5F2DBA764237D5C.anag.th.png\" alt=\"No blanquear con cloro\" \/><img decoding=\"async\" class=\"jss2506\" title=\"No planchar\" src=\"https:\/\/e-catalog.ducati.com\/EPCResources\/GRAPHICS\/immagini_pim\/A9\/A94C88F492B075D8FE914F44E8728AFE.anag.th.png\" alt=\"No planchar\" \/><img decoding=\"async\" class=\"jss2506\" title=\"No lavar a seco, no desmanchar con solventes\" src=\"https:\/\/e-catalog.ducati.com\/EPCResources\/GRAPHICS\/immagini_pim\/02\/0221B9AD83091F0BB09B2439306B6572.anag.th.png\" alt=\"No lavar a seco, no desmanchar con solventes\" \/><img decoding=\"async\" class=\"jss2506\" title=\"No secar en secarropas con tambor rotativo\" src=\"https:\/\/e-catalog.ducati.com\/EPCResources\/GRAPHICS\/immagini_pim\/E8\/E8636C561611E7F2141BC40ACB2976DA.anag.th.png\" alt=\"No secar en secarropas con tambor rotativo\" \/><\/div>\n<\/div>\n<div class=\"MuiGrid-root jss2507 MuiGrid-item MuiGrid-grid-xs-12\">\n<div class=\"jss2504\"><strong>Confort:<\/strong><\/div>\n<div class=\"jss2505\">100% ventilado<\/div>\n<\/div>\n<div class=\"MuiGrid-root jss2507 MuiGrid-item MuiGrid-grid-xs-12\">\n<div class=\"jss2504\"><strong>Linea prodotto:<\/strong><\/div>\n<div class=\"jss2505\">Scrambler<\/div>\n<\/div>\n<div class=\"MuiGrid-root jss2507 MuiGrid-item MuiGrid-grid-xs-12\">\n<div class=\"jss2504\"><strong>Material:<\/strong><\/div>\n<div class=\"jss2505\">Ecopiel<\/div>\n<\/div>\n<\/div>\n<\/div>\n<\/div>\n<\/div>\n<\/div>\n<div>\n<div class=\"jss2611\">\n<div class=\"jss2598 element\"><strong>Protecci\u00f3n:<\/strong><\/div>\n<div>\n<div><img decoding=\"async\" src=\"https:\/\/e-catalog.ducati.com\/EPCResources\/GRAPHICS\/immagini_pim\/94\/945AE41C5E5969EA5D250BE983635B84.png\" alt=\"Protecci\u00f3n de nudillos de PU\" \/> Protecci\u00f3n de nudillos de PU<\/div>\n<\/div>\n<\/div>\n<\/div>\n","protected":false},"excerpt":{"rendered":"<div>\n<div class=\"jss6329\">Los guantes de moto Milestone SCR62, confeccionados de tejido el\u00e1stico y microfibra s\u00edmil piel de alta resistencia, tienen protecciones termoformadas de poliuretano en los nudillos y cierre regulable con Velcro\u2122. La correa anti-p\u00e9rdida en la mu\u00f1eca aumenta el confort para permitir una mayor adherencia. El fit es suave y c\u00f3modo y los colores inspirados en la naturaleza son ideales para un uso urbano.<\/div>\n<\/div>\n<div>\n<div class=\"jss6448\">\n<div class=\"jss6435 element\">\n<div>\n<div class=\"jss2611\">\n<div class=\"jss2598 element\"><\/div>\n<\/div>\n<\/div>\n<\/div>\n<\/div>\n<\/div>\n","protected":false},"featured_media":7388,"comment_status":"closed","ping_status":"closed","template":"","meta":[],"product_cat":[28,17],"product_tag":[],"class_list":["post-7384","product","type-product","status-publish","has-post-thumbnail","hentry","product_cat-guantes","product_cat-ropa-de-moto","pa_talla-numerica-m","pa_talla-numerica-l","pa_talla-numerica-xl","pa_talla-numerica-s"],"_links":{"self":[{"href":"https:\/\/www.ducaticolombia.co\/tienda\/wp-json\/wp\/v2\/product\/7384","targetHints":{"allow":["GET"]}}],"collection":[{"href":"https:\/\/www.ducaticolombia.co\/tienda\/wp-json\/wp\/v2\/product"}],"about":[{"href":"https:\/\/www.ducaticolombia.co\/tienda\/wp-json\/wp\/v2\/types\/product"}],"replies":[{"embeddable":true,"href":"https:\/\/www.ducaticolombia.co\/tienda\/wp-json\/wp\/v2\/comments?post=7384"}],"wp:featuredmedia":[{"embeddable":true,"href":"https:\/\/www.ducaticolombia.co\/tienda\/wp-json\/wp\/v2\/media\/7388"}],"wp:attachment":[{"href":"https:\/\/www.ducaticolombia.co\/tienda\/wp-json\/wp\/v2\/media?parent=7384"}],"wp:term":[{"taxonomy":"product_cat","embeddable":true,"href":"https:\/\/www.ducaticolombia.co\/tienda\/wp-json\/wp\/v2\/product_cat?post=7384"},{"taxonomy":"product_tag","embeddable":true,"href":"https:\/\/www.ducaticolombia.co\/tienda\/wp-json\/wp\/v2\/product_tag?post=7384"}],"curies":[{"name":"wp","href":"https:\/\/api.w.org\/{rel}","templated":true}]}}